88543 a prime number?
False
Is 600751 a composite number?
False
Is 1300866689 composite?
False
Is 65513999 a composite number?
True
Is 3428107 composite?
True
Is 24444221 composite?
True
Is 566032169 composite?
False
Is 6547451 a composite number?
True
Is 7621873 a composite number?
True
Is 92585627 a composite number?
True
Is 944953 composite?
False
Is 20555369 composite?
False
Is 9100211 prime?
True
Is 73386343 a composite number?
False
Is 65336483 a prime number?
False
Is 29833051 composite?
False
Is 6536741 prime?
False
Is 81401 composite?
False
Is 589873 prime?
True
Is 15012653 a prime number?
True
Is 281366101 a prime number?
True
Is 5342411 composite?
True
Is 460764739 prime?
False
Is 22780801 a composite number?
False
Is 138259 a prime number?
False
Is 85270583 a composite number?
False
Is 27214301 prime?
True
Is 9084587 prime?
True
Is 6897037 prime?
False
Is 5250143 composite?
False
Is 3326873 prime?
False
Is 6230209 prime?
True
Is 2349357 prime?
False
Is 3923423 composite?
True
Is 4697323 a composite number?
True
Is 3095821 composite?
False
Is 4843481 a prime number?
False
Is 170217329 prime?
True
Is 10560103 a composite number?
False
Is 171549377 a composite number?
True
Is 38237759 prime?
False
Is 772599895 composite?
True
Is 252050809 composite?
False
Is 13017197 prime?
True
Is 5536499 a composite number?
False
Is 1790914 prime?
False
Is 354701605 composite?
True
Is 179778997 a composite number?
False
Is 1908841 a composite number?
True
Is 5809520065 a prime number?
False
Is 21329683 composite?
False
Is 43216457 a composite number?
False
Is 190217051 composite?
True
Is 67676639 a prime number?
True
Is 27887057 a composite number?
True
Is 1689971 a prime number?
False
Is 418079 prime?
True
Is 2921111 composite?
False
Is 519265253 composite?
True
Is 737629 composite?
False
Is 34831213 prime?
False
Is 16989143 composite?
False
Is 1184335 a prime number?
False
Is 6488527 prime?
True
Is 89196259 a prime number?
False
Is 1408279 composite?
False
Is 6080353 a composite number?
False
Is 17757683 composite?
False
Is 403972991 composite?
False
Is 2448223 prime?
True
Is 181151 a prime number?
False
Is 699739 prime?
False
Is 193956239 a composite number?
False
Is 4461509 prime?
False
Is 35379053 prime?
True
Is 38321639 a prime number?
False
Is 2079529 a composite number?
False
Is 183682487 a prime number?
True
Is 118392457 composite?
False
Is 29889437 prime?
False
Is 115737562 composite?
True
Is 136683311 a composite number?
False
Is 182997823 a prime number?
True
Is 864007 a composite number?
False
Is 89857491 prime?
False
Is 299842003 composite?
False
Is 5820865 a prime number?
False
Is 27871847 prime?
False
Is 2452753 composite?
False
Is 1310759 a prime number?
True
Is 1848955 prime?
False
Is 5374963 a composite number?
True
Is 7012847 composite?
False
Is 427892743 a composite number?
True
Is 6969491 composite?
False
Is 26366467 a composite number?
True
Is 578377 prime?
False
Is 23111817 a composite number?
True
Is 8357773 a composite number?
False
Is 13592309 composite?
True
Is 78467 composite?
False
Is 184719889 prime?
True
Is 21922438 a prime number?
False
Is 853193 a prime number?
False
Is 51365257 a composite number?
True
Is 249326219 composite?
False
Is 1867463 a prime number?
False
Is 15971863 a prime number?
True
Is 6270757 a prime number?
False
Is 510952543 a prime number?
False
Is 196338581 prime?
True
Is 7984987 a prime number?
False
Is 3719971 prime?
False
Is 2234033 a prime number?
True
Is 64248991 a prime number?
False
Is 48966419 a prime number?
True
Is 5676401 a composite number?
False
Is 30465367 a prime number?
True
Is 37641001 a prime number?
True
Is 20013007 prime?
False
Is 3620767 a prime number?
True
Is 121689745 a prime number?
False
Is 54272429 composite?
False
Is 594857 composite?
False
Is 2384197 composite?
False
Is 82088857 composite?
False
Is 4777594 a prime number?
False
Is 614041 prime?
True
Is 68379257 prime?
True
Is 14773271 composite?
False
Is 1862347 a prime number?
True
Is 968447 a composite number?
True
Is 10676557 a composite number?
True
Is 10425983 a composite number?
False
Is 3162463 a composite number?
False
Is 2858491 a prime number?
False
Is 181885643 a prime number?
False
Is 3619985 a prime number?
False
Is 232224539 a prime number?
False
Is 214777 a composite number?
True
Is 10778585 a prime number?
False
Is 927743 composite?
False
Is 51213665 prime?
False
Is 14126777 a prime number?
False
Is 3604213 prime?
True
Is 63210179 a composite number?
True
Is 7008427 composite?
False
Is 13559843 a composite number?
True
Is 132194849 prime?
False
Is 14356019 composite?
False
Is 42929771 composite?
False
Is 2982751 a prime number?
True
Is 13582067 a composite number?
False
Is 3446939 prime?
True
Is 11743201 a prime number?
False
Is 7691945 composite?
True
Is 8865797 composite?
False
Is 34869785 composite?
True
Is 97171213 a composite number?
True
Is 1177843 composite?
False
Is 568333243 a composite number?
True
Is 64428769 a composite number?
True
Is 39593977 a composite number?
False
Is 35232293 prime?
True
Is 8413311 prime?
False
Is 7168159 a composite number?
False
Is 315335 composite?
True
Is 80777171 composite?
False
Is 570821 a prime number?
True
Is 2727437 a composite number?
False
Is 881177 a prime number?
False
Is 1403579 a prime number?
True
Is 89495345 a prime number?
False
Is 170807281 prime?
False
Is 28424749 composite?
False
Is 13410847 a prime number?
False
Is 5560741 composite?
False
Is 5791073 prime?
False
Is 20206577 a prime number?
True
Is 25282069 a composite number?
True
Is 84499 prime?
True
Is 34059839 prime?
False
Is 13030469 a composite number?
True
Is 2746901 a composite number?
False
Is 4302317 composite?
False
Is 71144543 a composite number?
True
Is 20990821 composite?
False
Is 4840049 prime?
True
Is 292793719 a composite number?
False
Is 829055 composite?
True
Is 3158033 prime?
True
Is 15017059 composite?
True
Is 144146209 prime?
True
Is 1123748953 a composite number?
True
Is 531769 a prime number?
False
Is 31857503 a prime number?
True
Is 25106519 prime?
False
Is 56858819 a prime number?
True
Is 1330207 prime?
True
Is 5310863 a composite number?
False
Is 1662811 prime?
False
Is 20787187 prime?
True
Is 237399419 prime?
False
Is 432658523 composite?
True
Is 5109371 composite?
False
Is 21605531 composite?
False
Is 7278785 prime?
False
Is 18943663 composite?
False
Is 33861497 prime?
False
Is 14160163 composite?
True
Is 2808151 prime?
False
Is 403590079 prime?
True
Is 5649179 a composite number?
True
Is 104706457 composite?
True
Is 62420459 a prime number?
False
Is 2121797 composite?
False
Is 40265597 a prime number?
True
Is 66805021 a composite number?
False
Is 10404266 prime?
False
Is 8718089 prime?
True
Is 7984891 composite?
False
Is 346465699 composite?
False
Is 7473451 a prime number?
True
Is 367976381 composite?
False
Is 19711477 a composite number?
False
Is 62788153 a composite number?
True
Is 289489 a prime number?
True
Is 78105419 prime?
False
Is 12991691 a prime number?
False
Is 40250809 a composite number?
False
Is 4953337 prime?
False
Is 7276333 prime?
True
Is 252667 a prime number?
True
Is 4168157 a prime number?
False
Is 114273109 prime?
False
Is 18374639 a prime number?
True
Is 12228377 a composite number?
True
Is 2925353 composite?
False
Is 776281 prime?
False
Is 24147663 composite?
True
Is 106014009 composite?
True
Is 67372259 a composite number?
False
Is 1875311 a prime number?
True
Is 81925043 a prime number?
False
Is 1340139 a composite number?
True
Is 136322897 a composite number?
False
Is 1190873 prime?
True
Is 61693483 a composite number?
False
Is 1394777 composite?
False
Is 11255413 a composite number?
True
Is 6125653 composite?
False
Is 115038409 a prime number?
True
Is 63975473 prime?
False
Is 144217427 composite?
False
Is 753433981 prime?
False
Is 24281183 prime?
False
Is 33659597 a prime number?
True
Is 55932847 a prime number?
True
Is 29251063 a composite number?
False
Is 43766573 a composite number?
False
Is 97596127 prime?
True
Is 279981827 a composite number?
False
Is 229518313 prime?
False
Is 1024817 composite?
True
Is 6301133 composite?
True
Is 15139591 a prime number?
True
Is 8248441 prime?
False
Is 44186435 prime?
False
Is 6152041 composite?